s 1314 + 2?
1321
In base 16, what is f4 - 0?
f4
In base 7, what is 23 + -300?
-244
In base 10, what is 12 + -1195?
-1183
In base 8, what is 100 + -63?
15
In base 5, what is -1 + -132312?
-132313
In base 16, what is 5be - 1?
5bd
In base 16, what is 1d + -16?
7
In base 3, what is -10212201122 + 1?
-10212201121
In base 7, what is -32241 - -2?
-32236
In base 12, what is -13 + 5?
-a
In base 8, what is 1214 + -14?
1200
In base 2, what is 101111 + 11010?
1001001
In base 14, what is d1 + -2?
cd
In base 14, what is -54 + -3?
-57
In base 5, what is 221 - -14?
240
In base 12, what is 16 + -54?
-3a
In base 15, what is -3607 - 1?
-3608
In base 7, what is -140545 - -4?
-140541
In base 8, what is -14 + -12?
-26
In base 15, what is 0 - 23c?
-23c
In base 8, what is -4005 + -1?
-4006
In base 3, what is -11 - -11101?
11020
In base 10, what is 2 - -4651?
4653
In base 6, what is 44154 - 5?
44145
In base 15, what is 160 - 2?
15d
In base 4, what is -13 - -212?
133
In base 8, what is 445 + 6?
453
In base 4, what is -11 - 23300?
-23311
In base 5, what is 4 - -2012?
2021
In base 6, what is 1122 + 0?
1122
In base 11, what is a5 - -5?
aa
In base 6, what is -2 + -12311?
-12313
In base 8, what is -3 + 511?
506
In base 11, what is -14 - 1a?
-33
In base 10, what is 16 - -2?
18
In base 15, what is -11d - 1b?
-139
In base 13, what is 291 + -7?
287
In base 10, what is 10 + 1061?
1071
In base 14, what is -899 + -2?
-89b
In base 3, what is -110010 - 21?
-110101
In base 10, what is -1 + 196?
195
In base 15, what is -157 - 1?
-158
In base 5, what is -130 + -3022?
-3202
In base 6, what is 145 - -35?
224
In base 3, what is -200 - 1?
-201
In base 8, what is -30 - -30?
0
In base 10, what is 237 + 5?
242
In base 13, what is -5 + a?
5
In base 15, what is 6 - 1ac?
-1a6
In base 16, what is 3 + -ce?
-cb
In base 12, what is -3 + 2327?
2324
In base 13, what is 52 + 15?
67
In base 9, what is -3 + 3414?
3411
In base 13, what is 2307 + 3?
230a
In base 13, what is -16 + -145?
-15b
In base 5, what is -1233 - -44?
-1134
In base 9, what is 1 + -162?
-161
In base 5, what is -3 - 223?
-231
In base 13, what is 4 + ca?
101
In base 9, what is -3 - -168?
165
In base 7, what is 1 + 5?
6
In base 2, what is -10010101110 + -100?
-10010110010
In base 9, what is -1171 + -3?
-1174
In base 9, what is -51 + -30?
-81
In base 13, what is -1a + -22?
-3c
In base 8, what is -37 - 3?
-42
In base 13, what is -12b + 5?
-126
In base 7, what is 61 - 4?
54
In base 8, what is -4 - -415?
411
In base 16, what is 1 - 322?
-321
In base 4, what is 10 + 120331?
121001
In base 3, what is -12 + -20112?
-20201
In base 16, what is -72 - -14?
-5e
In base 12, what is 24 + 8?
30
In base 16, what is -75 - 2?
-77
In base 7, what is 206 + -135?
41
In base 8, what is -10064 - -3?
-10061
In base 5, what is 103 + -110?
-2
In base 13, what is 63 + 64?
c7
In base 13, what is -45b + 4?
-457
In base 8, what is -2 - -3340?
3336
In base 16, what is -43 - -8?
-3b
In base 11, what is 161 - 0?
161
In base 13, what is 801 + 9?
80a
In base 14, what is 0 - -d7?
d7
In base 11, what is -16 + -3?
-19
In base 13, what is -2 - -70?
6b
In base 10, what is 4 - 28?
-24
In base 13, what is ca - 85?
45
In base 9, what is -305 - 3?
-308
In base 15, what is -c8 + 19?
-ae
In base 2, what is 11 - 101010?
-100111
In base 5, what is 10 + 44?
104
In base 3, what is 11 - 10120?
-10102
In base 14, what is -5 - 16?
-1b
In base 11, what is -3 - 1861?
-1864
In base 5, what is -120 + 341?
221
In base 5, what is -3 + -31142?
-31200
In base 6, what is -11520 + 0?
-11520
In base 11, what is 813 - -4?
817
In base 16, what is -3 - cf?
-d2
In base 16, what is 1 + 31?
32
In base 16, what is 0 - -8d0?
8d0
In base 4, what is 2 + 32112?
32120
In base 7, what is -2 - 255?
-260
In base 4, what is -12 + 1230?
1212
In base 11, what is 3 + 25?
28
In base 10, what is 3 - 1559?
-1556
In base 4, what is -3 - 1330?
-1333
In base 14, what is 4 + -10?
-a
In base 6, what is 142452 - 0?
142452
In base 6, what is -3014 + 0?
-3014
In base 3, what is -202022 - -1102?
-200220
In base 16, what is d32 - 3?
d2f
In base 7, what is -4 + 1115?
1111
In base 2, what is 0 + -11111101?
-11111101
In base 12, what is -b3 - 2?
-b5
In base 4, what is -1 + -22012?
-22013
In base 16, what is -6f + -1?
-70
In base 8, what is 0 - -447?
447
In base 14, what is 2d - 2?
2b
In base 7, what is -1662 + -22?
-2014
In base 16, what is -1 + -17c?
-17d
In base 3, what is 10 + -122?
-112
In base 16, what is a + 56?
60
In base 10, what is 0 - -44?
44
In base 16, what is -1c + -14?
-30
In base 9, what is -18 + 15?
-3
In base 8, what is 2 + 116?
120
In base 8, what is -6753 - -6?
-6745
In base 7, what is 545 - -12?
560
In base 15, what is -4 + 771?
76c
In base 4, what is 23132 - -33?
23231
In base 13, what is 1 - c73?
-c72
In base 12, what is a250 + -5?
a247
In base 10, what is 21 - -7?
28
In base 3, what is -12 + -10100?
-10112
In base 7, what is 5 - 5010?
-5002
In base 6, what is 331 + 21?
352
In base 9, what is 143 + -1?
142
In base 2, what is -1010010 - 101?
-1010111
In base 8, what is 5 + 471?
476
In base 15, what is -b8 + -3?
-bb
In base 9, what is 16 + 1?
17
In base 15, what is b + 64?
70
In base 7, what is 1160 + 16?
1206
In base 14, what is -3 - -10?
b
In base 11, what is 2a26 - 5?
2a21
In base 4, what is -11 - 300?
-311
In base 6, what is -12352 + -4?
-12400
In base 11, what is 6 + 29?
34
In base 2, what is -110110111 - -1111?
-110101000
In base 5, what is -3 + 23?
20
In base 14, what is -1 + -16b?
-16c
In base 11, what is 547 + -1?
546
In base 11, what is 48 - -3?
50
In base 2, what is -10000010101 - -11101?
-1111111000
In base 8, what is 237 - -4?
243
In base 5, what is -2 - 104404?
-104411
In base 12, what is -2a + -1?
-2b
In base 12, what is -101 - 4?
-105
In base 5, what is -2100 + 21?
-2024
In base 2, what is -1101000 - 1110?
-1110110
In base 5, what is 144 + -3?
141
In base 12, what is 25 + 18?
41
In base 3, what is -12 + -11?
-100
In base 9, what is -38 - 14?
-53
In base 11, what is -2 + 1325?
1323
In base 11, what is -53 + 1a?
-34
In base 2, what is -10111 + -1001?
-100000
In base 15, what is 74 + -4?
70
In base 9, what is -4 + 52?
47
In base 6, what is 151 - 2?
145
In base 11, what is -12a - -41?
-99
In base 4, what is 1 - -301?
302
In base 6, what is 1533 - 5?
1524
In base 5, what is 13211 - 0?
13211
In base 12, what is 3 + -53?
-50
In base 15, what is 6 + 19?
20
In base 11, what is 3 + 22?
25
In base 5, what is -12 + -2044?
-2111
In base 13, what is -1 - -7?
6
In base 12, what is 15b + 4?
163
In base 15, what is 0 - 5?
-5
In base 11, what is -27 - 15?
-41
In base 14, what is 37 + 3?
3a
In base 6, what is 4124 - 15?
4105
In base 9, what is 403 + -6?
386
In base 9, what is 313 - -21?
334
In base 4, what is 110 + -10123?
-10013
In base 5, what is -132 + -11?
-143
In base 5, what is -1001 + 3?
-443
In base 11, what is -2 + 58?
56
In base 6, what is -4512 + -2?
-4514
In base 5, what is 421 + 3?
424
In base 11, what is -3 - 0?
-3
In base 2, what is 0 - -1010000000?
1010000000
In base 9, what is 5 - -51?
56
In base 3, what is -1001001 + -12?
-1001020
In base 12, what is 3 - 18b?
-188
In base 11, what is 8 - -11?
19
In base 13, what is -372 + -1?
-373
In base 2, what is 1 + -10000000110?
-10000000101
In base 6, what is -24 - -5?
-15
In base 10, what is -594 - -5?
-589
In base 8, what is 0 - -3364?
3364
In base 9, what is 12151 - 4?
12146
In base 8, what is 3 - -24?
27
In base 15, what is -a1 - 29?
-ca
In base 15, what is -1 - -33?
32
In base 10, what is 2 + -371?
-369
In base 11, what is -65 + -1?
-66
In base 3, what is -12 + -2011?
-2100
In base 10, what is -4992 + -5?
-4997
In base 11, what is 23 - -14?
37
In base 16, what is 112e + 1?
112f
In base 6, what is -1052 + -10?
-1102
In base 14, what is 3 + -5b5?
-5b2
In base 2, what is -10001011111 - -101?
-10001011010
In base 14, what is -1 + a?
9
In base 13, what is -57c - -5?
-577
In base 3, what is -1021000 + -1?
-1021001
In base 3, what is 1021 - 1022?
-1
In base 4, what is 1223222 + 1?
1223223
In base 7, what is 1 + 13533?
13534
In base 15, what is -e8 - 2e?
-127
In base 7, what is 3002 - 4?
2665
In base 2, what is -111110 - -1000?
-110110
In base 4, what is -1100 - 10?
-1110
In base 3, what is -11 - 210002?
-210020
In base 13, what is -c74 + 0?
-c74
In base 15, wh